 digit of p?
3
Suppose -4*h + 5*h - 5 = 3*w, 4*h + 2*w - 6 = 0. What is the tens digit of 4/6*12 + h?
1
Let d = -9 - -10. What is the units digit of d?
1
Let a be -2 + -1 + 2*1. Let p = 1 - a. Suppose 0 = 2*c + 3*w + 11, 12 = -p*c - 5*w - 9. What is the units digit of c?
2
Let g be -42*(-2 - (-6)/9). Suppose 4*j - g = 2*j. What is the tens digit of j?
2
Suppose -3 = -y + 5*g, -3*y + 122 - 23 = 3*g. What is the units digit of y?
8
What is the hundreds digit of (-2 - 1) + (198 - (-4)/4)?
1
Let o = 0 - -51. What is the units digit of o?
1
Let d be 4*2*(-3 + 2). Let o(j) = -j**3 - 9*j**2 - 8*j + 11. Let x be o(d). Suppose 0 = 2*s - 5*k + 1 - 2, -k + x = s. What is the units digit of s?
8
Let s(v) = v**2 - v + 27. What is the tens digit of s(0)?
2
Let z be (-11)/(-2) + (-6)/4. Suppose -3*i - 2 = x, -x = -z*i - 26 + 7. Let f = x - 0. What is the units digit of f?
7
Let q be (8/12)/(6/(-9)). What is the units digit of 2 - (3/(-1) - q)?
4
Let h be 117/7 + (-2)/(-7). Suppose 48 = 3*l - k - k, l - k - h = 0. Suppose -2*b - b = -z - l, -4*z = 2*b. What is the units digit of b?
4
Let i = 102 + 141. What is the units digit of i?
3
What is the units digit of -6*((-5 - -5) + 1/(-2))?
3
Let o = -108 + 282. What is the hundreds digit of o?
1
Suppose -55 = -16*a + 5*a. What is the units digit of a?
5
Let l = -42 + 88. Let i = -47 - -72. Let s = l - i. What is the tens digit of s?
2
Suppose -6*z = -12*z + 780. What is the hundreds digit of z?
1
Suppose 3*y = 8 + 7, -4*y + 435 = 5*q. What is the units digit of q?
3
Let w be 1*(0 + 2)*1. Suppose 0*f - w*f + 24 = 0. What is the units digit of -3*(f/(-9) + 0)?
4
Suppose -c - 10 + 1 = 2*n, -c - 19 = 4*n. Let r be 7 + -3*c/(-3). Let m = r + -3. What is the units digit of m?
5
Let w = -266 + 467. What is the units digit of w?
1
Let h(j) = 2*j**3 + 1. Suppose 5*x = 3*a + 18, -17 = a - 5*x - 1. Let s be h(a). Let z = 6 + s. What is the units digit of z?
5
Let z(i) = -2 - i**2 - i**2 - i**3 + 0*i**3. Let k = -18 - -15. What is the units digit of z(k)?
7
Suppose 5*s = 3*f + 160, -2*s + 130 = 3*s + 3*f. Let r = s + -14. What is the units digit of r?
5
Suppose 0 = -4*s + 3*x + 9, 0*s + 8 = 4*s - 4*x. Suppose 5*m = -5, 8*d - 4*m = s*d + 34. What is the units digit of d?
6
Let t(x) = x**3 + 11*x**2 - 14*x - 6. Let p be t(-12). What is the units digit of (3/6)/(3/p)?
3
Suppose 0 = 3*s - 3*f - 72, s + 16 = 2*s + f. Let g = 35 - s. What is the units digit of g?
5
Let z(a) = 3*a**3 - 4*a**3 + 6*a**2 - 1 + 7*a + 1 + 8. Let w be z(7). Suppose 0 = -4*n - 0*n + w. What is the units digit of n?
2
Suppose -15 + 267 = 4*r. What is the units digit of r?
3
Let j be (-1)/(-1)*2 - -6. What is the tens digit of (-6)/j + 47/4?
1
Let b = 104 + 22. What is the tens digit of b?
2
Let y be ((-2)/(-6))/((-1)/(-3)). Let t be (1*(-6)/(-2))/y. Suppose -t*x - 2*x + 30 = 0. What is the units digit of x?
6
Let g(f) = -38*f - 15. What is the units digit of g(-5)?
5
Let z(n) be the third derivative of -n**4/12 - 5*n**2. What is the units digit of z(-3)?
6
Let z(p) = 7*p**3 - 8*p**2 + 7*p - 4. What is the units digit of z(3)?
4
Suppose 0*d - 18 = -3*d - 4*n, 5*n = -2*d + 19. Suppose 0 = -d*w - 2*k - 6, w = -3*k - 13. Suppose 0*z = 2*z - 8, 4*i = -w*z + 52. What is the units digit of i?
1
Let q = -125 - -208. What is the units digit of q?
3
Let n(u) = 2*u + 3. Let s be n(-3). Let w be 1/s - 30/(-9). Let i(l) = l - 2. What is the units digit of i(w)?
1
Let a = 14 - 7. Suppose 10*o - 105 = a*o. What is the tens digit of o?
3
Suppose 0 = 5*i - 5*w - 1930, -i + w - 6*w + 398 = 0. What is the units digit of i?
8
Suppose -2*g + 141 + 271 = 5*h, -5*g = -4*h + 356. What is the units digit of h?
4
Let u be 10/(-1 + 1 + -1). Let h = -7 - u. What is the units digit of h?
3
Let g = -63 + 89. What is the units digit of g?
6
Suppose -2*y + 5*y = -90. Let r = y + 48. What is the units digit of (r/15)/((-1)/(-5))?
6
Suppose -h + 3 = -1. Suppose i + 12 = 3*k, -3*i = -3*k - h*i + 18. What is the units digit of k?
5
Suppose 1 = -t + 5. Suppose -o - n + 13 = -0*o, o - 3 = t*n. What is the units digit of o?
1
Let b be 1/(-2)*-2*3. Suppose -63 = b*i - 0*i. What is the units digit of i/2*12/(-9)?
4
Let c(x) = 44*x - 3. Let m be c(2). Suppose -5*j + m = -y, -3*j + 80 = 2*j - 2*y. What is the tens digit of j?
1
Let h(a) = a. Let g(c) = -c**2 + 10*c - 12. Let d be g(8). Suppose 0 = d*y - 15 - 21. What is the units digit of h(y)?
9
Let v(c) = 209*c**2 - 4*c - 3. What is the hundreds digit of v(-1)?
2
Suppose 0 = j - 2*h - 39 - 66, -2*j + 228 = 5*h. What is the hundreds digit of j?
1
Let i(k) = k**3 + k**2 - 4*k - 3. Let v be i(-3). Let x = -2 - v. Suppose 4*w - h = x, 2*h + 5 = 4*w - h. What is the units digit of w?
2
Let s be (-1 + -1 + 1)/1. Let u = 7 + s. What is the units digit of u?
6
Suppose 9*o - 50 = 7*o. What is the units digit of o?
5
Let c be -1 + (0 - (-2 - -5)). Let r(x) = x**3 + 3*x**2 - 3*x + 5. What is the units digit of r(c)?
1
Suppose -11*v + 3095 = -436. What is the hundreds digit of v?
3
Suppose -4*h + 427 + 89 = 4*z, -z + 2 = 0. What is the tens digit of h?
2
Suppose 0 = -3*s + 4 + 17. Suppose j - 5*l = 3, -j = 2*l - 1 - 2. Let x = s - j. What is the units digit of x?
4
Let g(y) = 2*y + 6. Let x be g(-4). Let v(b) = 2*b + 3. Let w be v(x). What is the units digit of 24/3 + w + 0?
7
Let j be (-1 + 3)/(2/(-4)). Let k(w) = w**2 + 3*w - 1. Let n be k(j). Let c = n - 0. What is the units digit of c?
3
Let o(u) = 14*u**2 + u. Let x = -2 + 2. Suppose -3*v + 8*v + 5 = x. What is the tens digit of o(v)?
1
Suppose 0 = q - 0*q + 25. Let l = q + 41. What is the units digit of l?
6
What is the units digit of 670/5 + 2/(-2)?
3
Let r(w) = -13*w**3 + w**2 - 1. Let o be 2/3 + 15/(-9). What is the tens digit of r(o)?
1
Let v(q) = 2*q**2 + 3*q + 4. Let s be v(-3). Let f = 0 + s. Suppose -f = -4*t + 27. What is the tens digit of t?
1
Let x = 11 + -9. Suppose 5*u = -2*z + 8 - 2, -3*u = x*z - 2. What is the units digit of (u/(-10) + -1)*-15?
8
Let p = 13 + -19. Let u = -5 - p. Suppose 9 = 2*d + u. What is the units digit of d?
4
Let u be 8/(-10)*(-4 + -1). Suppose -l + 29 = u*l + 2*p, 4*l + p = 22. Suppose -25 = -2*q - s, l*q + 3*s - 35 = 3*q. What is the units digit of q?
0
Suppose 12*i - 9*i - 171 = 0. What is the units digit of i?
7
Let z(g) = 3*g - 1. Let q be (-6)/(-4)*(-40)/(-12). What is the units digit of z(q)?
4
Let a(m) = -11*m - 1. What is the tens digit of a(-5)?
5
Let j = 0 + 0. Let r be -1 + j + 1 + 5. Suppose 4*u + r*s - 40 = -11, u = 3*s + 3. What is the units digit of u?
6
What is the units digit of ((-149)/4)/(6/(-24))?
9
Suppose -l = 4*l - 15. Let j(f) = -3*f**2 - 5*f - 2 + 5*f**3 + 6*f**2 - 4*f**l. What is the units digit of j(-4)?
2
Suppose -36 - 1 = a. Let m = -18 - a. What is the tens digit of m?
1
Let h = 0 - -19. Let f = h + -13. What is the units digit of f?
6
Let i = 262 + -154. What is the tens digit of i?
0
Suppose 5*w - 74 = 196. Suppose 0 = -4*z + w + 42. What is the units digit of z?
4
Let r(l) = -l**2 + l - 1. Let a be r(1). Let b be (0/3 - a)*3. Suppose -2*t = -5*u - 7*t + 25, -7 = -b*u + 5*t. What is the units digit of u?
4
Let m(x) = 4*x**2 - x - 3*x**2 - 2*x - 3. What is the units digit of m(4)?
1
Suppose 3*s - 4 = 5. Suppose 5*w + 30 - 86 = -4*v, 0 = s*w + 5*v - 44. What is the units digit of w?
8
Let t(n) be the third derivative of n**5/60 + 5*n**4/24 + 2*n**3/3 + 2*n**2. Let d be -7 + 0 - 0 - -2. What is the units digit of t(d)?
4
Let c be 14*3/(2 + -8). Let i(u) = -u**2 - 8*u - 2. Let a be i(c). Suppose 20 = a*b - b. What is the units digit of b?
5
Suppose -3*j + 4*g = -218, 3*j + 4*g = -2*j + 342. What is the units digit of j?
0
Let u(v) = -7*v - 1. Let j be u(-2). Suppose -d - 5 = -8. Suppose -d*t + j = 4. What is the units digit of t?
3
Let o be -5 + 13 - (-1 + -1). Suppose -5*v + o*v = 35. What is the units digit of v?
7
Suppose -3*g + 21 = w, 4*g = 4*w + 2*g - 84. What is the units digit of w?
1
Suppose 7 + 8 = 3*t. What is the units digit of t?
5
What is the units digit of 4 + -1 - (0 + -36)?
9
Let j = -11 + 15. Suppose 5*a + 0*a + 10 = 0. Let t = j + a. What is the units digit of t?
2
Let t be -9 - (0 - (-1 + 1)). Let u = 26 + t. What is the tens digit of u?
1
Suppose 4*h - 66 - 46 = 0. Suppose 0 = -6*c + c + 2*q + 82, h = 2*c + 4*q.